s of 2714798?
2, 17, 79847
What are the prime factors of 395229?
3, 131743
List the prime factors of 297066.
2, 3, 7, 11, 643
List the prime factors of 2859549.
3, 7, 11, 12379
What are the prime factors of 7421725?
5, 307, 967
List the prime factors of 8351664.
2, 3, 173993
List the prime factors of 12126430.
2, 5, 43, 28201
What are the prime factors of 3602686?
2, 239, 7537
What are the prime factors of 1700381?
31, 54851
List the prime factors of 17399309.
17399309
List the prime factors of 85610.
2, 5, 7, 1223
List the prime factors of 265362.
2, 3, 47, 941
What are the prime factors of 1068302?
2, 29, 113, 163
List the prime factors of 43055598.
2, 3, 193, 37181
What are the prime factors of 1133623?
1133623
List the prime factors of 1550077.
17, 19, 4799
What are the prime factors of 1758712?
2, 219839
What are the prime factors of 52365?
3, 5, 3491
What are the prime factors of 36247?
67, 541
What are the prime factors of 770250?
2, 3, 5, 13, 79
What are the prime factors of 2849747?
113, 25219
List the prime factors of 6892924.
2, 1723231
What are the prime factors of 1660866?
2, 3, 17, 19, 857
What are the prime factors of 303521?
31, 9791
List the prime factors of 4316888.
2, 97, 5563
What are the prime factors of 101135?
5, 113, 179
What are the prime factors of 16941936?
2, 3, 11, 2917
What are the prime factors of 24917912?
2, 101, 30839
What are the prime factors of 1333104?
2, 3, 27773
List the prime factors of 140125.
5, 19, 59
List the prime factors of 2492412.
2, 3, 13, 1229
What are the prime factors of 1545623?
17, 23, 59, 67
What are the prime factors of 34389803?
7, 2053, 2393
What are the prime factors of 217016?
2, 27127
List the prime factors of 1081486.
2, 7, 77249
What are the prime factors of 68472?
2, 3, 317
List the prime factors of 976487.
43, 22709
List the prime factors of 274006.
2, 17, 8059
What are the prime factors of 8828371?
8828371
List the prime factors of 152287.
152287
List the prime factors of 773268.
2, 3, 64439
What are the prime factors of 277973?
137, 2029
List the prime factors of 189322.
2, 7, 13523
List the prime factors of 146008.
2, 18251
List the prime factors of 16092239.
1093, 14723
List the prime factors of 195132.
2, 3, 7, 23, 101
What are the prime factors of 271500?
2, 3, 5, 181
What are the prime factors of 320631?
3, 106877
List the prime factors of 929558.
2, 7, 67, 991
What are the prime factors of 2311778?
2, 7, 61, 2707
List the prime factors of 1118732.
2, 37, 7559
List the prime factors of 1668747.
3, 29, 19181
What are the prime factors of 4384832?
2, 131, 523
What are the prime factors of 158277?
3, 7, 7537
What are the prime factors of 5310961?
5310961
What are the prime factors of 10254469?
41, 250109
What are the prime factors of 7338465?
3, 5, 19, 2861
List the prime factors of 277599.
3, 7, 13219
What are the prime factors of 148087?
17, 31, 281
What are the prime factors of 3866203?
11, 131, 2683
List the prime factors of 731057.
731057
What are the prime factors of 225657?
3, 25073
What are the prime factors of 16402?
2, 59, 139
What are the prime factors of 24932272?
2, 1558267
What are the prime factors of 1300477?
1300477
What are the prime factors of 230811?
3, 7, 29, 379
List the prime factors of 200251.
43, 4657
What are the prime factors of 13969782?
2, 3, 776099
List the prime factors of 567984.
2, 3, 11833
List the prime factors of 53720.
2, 5, 17, 79
List the prime factors of 760853.
61, 12473
List the prime factors of 3364447.
37, 90931
List the prime factors of 275262.
2, 3, 13, 3529
List the prime factors of 505602.
2, 3, 3121
What are the prime factors of 116442?
2, 3, 6469
What are the prime factors of 3865665?
3, 5, 257711
What are the prime factors of 15575966?
2, 7, 1112569
What are the prime factors of 1831010?
2, 5, 283, 647
What are the prime factors of 628605?
3, 5, 61, 229
What are the prime factors of 395982?
2, 3, 7333
List the prime factors of 2143285.
5, 428657
What are the prime factors of 15651268?
2, 3912817
List the prime factors of 4368751.
4368751
List the prime factors of 1060861.
1060861
List the prime factors of 40501849.
40501849
What are the prime factors of 12799806?
2, 3, 19, 112279
What are the prime factors of 323806?
2, 7, 101, 229
What are the prime factors of 1153354?
2, 576677
What are the prime factors of 21139202?
2, 7, 29, 52067
What are the prime factors of 411346?
2, 13, 1217
What are the prime factors of 159947?
307, 521
List the prime factors of 1394821.
1394821
What are the prime factors of 87879?
3, 11, 2663
What are the prime factors of 1479055?
5, 19, 15569
List the prime factors of 1416245.
5, 149, 1901
What are the prime factors of 599079?
3, 13, 15361
List the prime factors of 4545363.
3, 601, 2521
List the prime factors of 186389.
7, 26627
List the prime factors of 1811019.
3, 7, 86239
List the prime factors of 23799796.
2, 17, 107, 3271
List the prime factors of 19921277.
619, 32183
What are the prime factors of 169679?
29, 5851
List the prime factors of 515197.
677, 761
What are the prime factors of 8049757?
37, 217561
List the prime factors of 3153970.
2, 5, 197, 1601
What are the prime factors of 1910772?
2, 3, 53077
List the prime factors of 4938808.
2, 7, 43, 293
What are the prime factors of 2675584?
2, 20903
List the prime factors of 4523159.
19, 29, 8209
What are the prime factors of 963891?
3, 107099
List the prime factors of 75205.
5, 13, 89
What are the prime factors of 2549528?
2, 318691
List the prime factors of 11532504.
2, 3, 480521
List the prime factors of 221412.
2, 3, 18451
List the prime factors of 226937.
226937
What are the prime factors of 10532094?
2, 3, 277, 6337
What are the prime factors of 6351744?
2, 3, 7, 17, 139
List the prime factors of 1376375.
5, 7, 11, 13
What are the prime factors of 1836978?
2, 3, 11, 13, 2141
List the prime factors of 198919.
7, 157, 181
List the prime factors of 197168.
2, 12323
What are the prime factors of 165192?
2, 3, 6883
What are the prime factors of 5238713?
5238713
What are the prime factors of 1152313?
1152313
List the prime factors of 1983929.
1983929
What are the prime factors of 497383?
491, 1013
What are the prime factors of 14643547?
19, 157, 4909
List the prime factors of 4060175.
5, 7, 23201
What are the prime factors of 23317?
7, 3331
List the prime factors of 308542.
2, 13, 11867
List the prime factors of 35626753.
113, 315281
What are the prime factors of 412223?
7, 58889
List the prime factors of 1170939.
3, 7, 11, 37, 137
List the prime factors of 6459978.
2, 3, 7, 37, 4157
What are the prime factors of 3241408?
2, 50647
List the prime factors of 4898108.
2, 17, 72031
What are the prime factors of 422940?
2, 3, 5, 7, 19, 53
List the prime factors of 1700934.
2, 3, 283489
List the prime factors of 135925.
5, 5437
List the prime factors of 1653729.
3, 7, 11, 7159
What are the prime factors of 1909681?
37, 51613
List the prime factors of 6497990.
2, 5, 649799
List the prime factors of 32188128.
2, 3, 7, 19, 2521
List the prime factors of 268707.
3, 43, 2083
List the prime factors of 66477.
3, 22159
What are the prime factors of 208924?
2, 19, 2749
List the prime factors of 7831413.
3, 367, 2371
List the prime factors of 1421303.
13, 109331
List the prime factors of 368252.
2, 43, 2141
List the prime factors of 10234333.
23, 444971
What are the prime factors of 4954932?
2, 3, 41, 373
What are the prime factors of 493558?
2, 13, 41, 463
List the prime factors of 28840169.
541, 53309
What are the prime factors of 97701?
3, 29, 1123
List the prime factors of 1197429.
3, 17, 53, 443
What are the prime factors of 810439?
7, 115777
List the prime factors of 697905.
3, 5, 13, 1193
List the prime factors of 18033834.
2, 3, 7, 13, 33029
What are the prime factors of 715569?
3, 97, 2459
What are the prime factors of 949779?
3, 29, 1213
What are the prime factors of 2701231?
13, 47, 4421
What are the prime factors of 233085?
3, 5, 41, 379
What are the prime factors of 396815?
5, 19, 4177
What are the prime factors of 2672686?
2, 1336343
What are the prime factors of 157170?
2, 3, 5, 13, 31
List the prime factors of 2525102.
2, 37, 34123
List the prime factors of 272983.
272983
List the prime factors of 2722832.
2, 7, 23, 151
What are the pr